-4) is divided by s(-40)?
16
Suppose -19*m + 2000 = 21*m. What is the remainder when 193 is divided by m?
43
Suppose -5*m + 90 = -0*m. What is the remainder when (-1)/3*((-1075)/10 + 5/2) is divided by m?
17
Suppose 5*z - 64 = -114. What is the remainder when (z + 3)/(-7) + (31 - 0) is divided by 17?
15
Suppose 4*j - 5*m - 5 - 9 = 0, -j - 4*m - 7 = 0. Calculate the remainder when j/(0 - 2/(-26)) is divided by 2.
1
Suppose y = -4*g + 66, -5*g + 79 = 253*y - 250*y. What is the remainder when 1118 is divided by g?
13
Suppose -11*k - 96 = -12*k. Calculate the remainder when k is divided by 14.
12
Suppose -6247 = -60*k + 1733. Calculate the remainder when k is divided by 15.
13
Suppose -2*t + 4*z = -26, -3*z + 8*z = -4*t + 52. Let l = 20 - t. Let g(f) = -f**2 + 24*f - 11. Calculate the remainder when g(23) is divided by l.
5
Let n = 39 + -23. Suppose -32 = -2*u + 50. What is the remainder when u is divided by (4 + -3)*n - 2?
13
Let b = -2580 + 2585. Suppose -5*p - h - 4 = -9*p, -8 = 2*p - 3*h. Suppose 2*y - 16 = p*i - 0*i, -2*y + 5*i = -16. What is the remainder when y is divided by b?
3
Let m = 213 - 203. What is the remainder when 27 is divided by m?
7
Let r(q) be the third derivative of q**6/120 - q**5/60 + q**4/8 + q**3/2 - 4*q**2. Calculate the remainder when r(3) is divided by 8.
6
Let p(h) = 10*h**3 + 3*h**2 + 4*h + 4. Let r be p(-2). Let f = r + 150. Calculate the remainder when f is divided by 9.
6
Let o be 5/(10/(-4)) + 17. Suppose 2*v + 158 = 4*g, 3 = -4*v + o. Calculate the remainder when 78 is divided by g.
37
What is the remainder when ((-923)/(-364)*7)/((-1)/(-8)) is divided by 21?
16
Suppose -12*m + 14*m = 8. Let z be m/18 - (-80)/45. Suppose -z*r = 2*r - 80. Calculate the remainder when 79 is divided by r.
19
Let a = 51 + 11. What is the remainder when a is divided by 32?
30
Suppose -4*r = -2*r + 4*s - 114, 176 = 4*r - 5*s. What is the remainder when 63 is divided by r?
14
Suppose 0*z = r + 5*z - 10, 4*z = r - 19. Suppose -2*j - 3 = -r. What is the remainder when 2/(-2) + (0 - -24) is divided by j?
5
Suppose -690 = -15*w + 600. Calculate the remainder when w is divided by 75.
11
Let d = -940 + 965. What is the remainder when 1024 is divided by d?
24
Suppose -12*w + 14*w = 8. Suppose 0 = -4*b - 2*v + 142, -12 - 151 = -w*b + 5*v. Calculate the remainder when b is divided by 0 + 7 + (7 - 4).
7
Suppose 4*f + m - 4*m - 251 = 0, 249 = 4*f - m. Suppose f = 5*g - 23. Suppose 2*i - 96 = -0*i. What is the remainder when i is divided by g?
14
Let a = -3 - -8. Let b(s) = -15*s**3 + s**2 - 3*s + 1. Let q be b(1). Let o(m) = -m**2 - 18*m - 21. Calculate the remainder when o(q) is divided by a.
1
Let w = 1449 - 694. What is the remainder when w is divided by 9?
8
Let g be (6/9)/(8/(-12)). Let q be (8/4)/(2 + g). Suppose -q = w - 5. What is the remainder when 9 is divided by w?
0
Let u(n) = n**3 - 8*n**2 - 8*n - 7. Suppose -3*a = -11*a + 72. Let o be u(a). Let b = o + 7. What is the remainder when 21 is divided by b?
3
What is the remainder when 2/(-14)*4*-49 is divided by 18?
10
Suppose 4*n - 59 + 3 = -2*l, 5*l + 20 = 0. Let q = -90 - -153. Calculate the remainder when q is divided by n.
15
Let a be 43 + (-1 - -2 - -1). Let v = 74 - a. Suppose 23*g - 1086 = 1559. Calculate the remainder when g is divided by v.
28
Let m = 0 - -108. Calculate the remainder when m is divided by 22.
20
Calculate the remainder when ((-800)/(-15) - -8)*18/4 is divided by 60.
36
Let l = -1135 + 1148. What is the remainder when 61 is divided by l?
9
Let q(a) = a**3 + a + 9. Let h be q(0). Suppose 0 = -2*g + i + 3, -4*i + 6 = g - h. Let m = -51 + 55. What is the remainder when m is divided by g?
1
Let j = -138 + 166. What is the remainder when 131 is divided by j?
19
Suppose 0 = -2*f + 3*l + 14, -f - 3*f - 5*l + 6 = 0. Suppose f*v - 219 - 509 = 0. Calculate the remainder when v is divided by 37.
34
Suppose 48*i + 287 = 1007. Suppose -5*b + 290 = -0*b. What is the remainder when b is divided by i?
13
Let f(m) = 2*m**3 - 15 + 8*m + 18*m**2 - 18*m**2 - 8*m**2. What is the remainder when f(5) is divided by 78/4 - 1/2?
18
Let f(z) = -z**3 - 34*z**2 - 37*z - 103. What is the remainder when f(-33) is divided by 14?
1
Suppose 5*j + 11*m - 10*m = 1619, 5*m = 3*j - 977. What is the remainder when j is divided by 86?
66
Let p be 2 - -582*(-3 + 4). Calculate the remainder when 54 is divided by p/42 - 8/(-84).
12
Let f = -5 + 9. Let j be 2/(-4) + (-10)/f. What is the remainder when (24/9 + j)*-102 is divided by 9?
7
Suppose 0 = -2*v + 19 + 1. Suppose -195 - 195 = -v*d. What is the remainder when 153 is divided by d?
36
Let d(h) = h**2 - 3*h + 2. Calculate the remainder when 113 is divided by d(-4).
23
What is the remainder when 2/4 + 10955/70 is divided by 80?
77
Let u(y) = y**2 + 4*y - 5. Calculate the remainder when 125 is divided by u(3).
13
Let x(h) = -h**3 + 12*h**2 + h - 16. Let d be x(12). Let v be 2*(-10)/d + -1. Suppose -v*z + z = -84. Calculate the remainder when z is divided by 16.
12
Suppose 4*y - t - t - 242 = 0, t - 56 = -y. Let z(i) = -19*i - 328. Calculate the remainder when y is divided by z(-18).
3
Suppose 3 = 3*k, -84 + 1 = -g + 2*k. Calculate the remainder when 2/(-3) - 26*g/(-30) is divided by 38.
35
Let x(j) = j**3 + 20*j**2 + 16*j - 20. Let a be x(-19). Let y = -26 + a. Calculate the remainder when 108 is divided by y.
9
Suppose 3546 = 58*v + 530. Suppose -5*d = -4*q + 46, -8 = -q - d + 4*d. Calculate the remainder when v is divided by q.
10
Suppose q = 5 + 1. Suppose -5*t = q - 56. Calculate the remainder when 28 is divided by t.
8
Let u(y) = -6*y + 40. Let r be u(6). Suppose 4*t - 23 = -z, r*z = -4*t - 0*z + 8. What is the remainder when 24 is divided by t?
3
Let g be (-51)/(-2) - (-1)/(-2). Suppose -60 = -4*b + 64. Let d = b - g. What is the remainder when d is divided by 3?
0
Suppose -50 = -34*z + 32*z. Let v = 62 - z. What is the remainder when v is divided by 14?
9
Let y(a) = 31 + a**2 + 4*a**3 - 3*a**3 - 7. Let w = 55 + -55. What is the remainder when y(w) is divided by 13?
11
Suppose -x = -6*x + 165. Let b be 9/(-6)*4/(-6). Let w = b - -11. What is the remainder when x is divided by w?
9
Suppose -4*j + j + 4*q + 28 = 0, j - 18 = -3*q. Suppose -3*b = -b - j. Let r(t) = -t**3 + 5*t**2 + 9*t - 3. What is the remainder when 26 is divided by r(b)?
11
What is the remainder when (-224)/(-20) - (-2)/(-10) is divided by ((-12)/10 - 0)*175/(-70)?
2
Suppose 3*y - y - 114 = 0. Let b = 48 - 28. Calculate the remainder when y is divided by b.
17
Let r = 94 - 29. What is the remainder when r is divided by 8*15/6 - -3?
19
Suppose -10 = -0*f + 2*f. Let k = f + 15. Suppose y - k = 5*i, 2*y - 2*i = -5*i + 33. Calculate the remainder when 56 is divided by y.
11
Let n = 227 + -208. Calculate the remainder when n is divided by 13.
6
Suppose 1229 = 19*q - 462. What is the remainder when 443 is divided by q?
87
Let x(y) = y**3 + 6*y**2 + 5*y + 3. Let f be x(-5). Let k be (-16)/f + (-8)/12. Let z = 17 - k. What is the remainder when 89 is divided by z?
20
Let o = -87 - -183. Suppose -r = 3*q - 62, 4*q - 6*q + 13 = -5*r. Calculate the remainder when q is divided by (-2)/3 - o/(-9).
9
Let a be 6/(-4) - 12/(-24). Let b = a + 16. Suppose 2*s + 81 = 5*s. What is the remainder when s is divided by b?
12
Let r(a) = 7*a + 1. Let k(q) = -q + 1. Let n be k(-1). Suppose 28 = -82*v + 83*v. What is the remainder when v is divided by r(n)?
13
Let j be (-56)/(-12) - (-4)/12. Let q(g) = g**2 - 4. Let k be q(j). Let f = k - 11. What is the remainder when 28 is divided by f?
8
Suppose -832 = 25*n - 29*n. Calculate the remainder when n is divided by 14.
12
Suppose 0 = 3*i + 3*h, -2*i = 2*h + 2*h. Let w be 4/((-24)/(-2))*i. Suppose 0*c + 4*c - 20 = w. What is the remainder when 19 is divided by c?
4
Suppose 18*b = 194 + 148. Calculate the remainder when 73 is divided by b.
16
What is the remainder when 53 is divided by (-6)/12*4*66/(-4)?
20
Suppose -z = 2*z + 2*b - 54, 5*b + 17 = 2*z. Suppose 0 = -3*m - d + 188, m - 3*d - 242 = -3*m. What is the remainder when m is divided by z?
14
Suppose 0 = 4*b - 7*b. Suppose -s + 4*s + 63 = b. Let f = 39 + s. Calculate the remainder when f is divided by 10.
8
Suppose -21*w + 14*w + 49 = 0. Calculate the remainder when 16 is divided by w.
2
Let y = -74 - -8